 of d.
5, 19
Suppose 3*k + 229636 = 5*t, -1187*t - 229620 = -1192*t + 5*k. List the prime factors of t.
2, 11483
Let y be ((-1707)/(-9))/(2/(-18)). Let d = y - -2607. List the prime factors of 2*d/8 + 3 + -4.
2, 7
Suppose -81 + 75 = -3*x. What are the prime factors of ((1635 - -9)/6)/(1*x)?
137
Let n = 71 + -76. Let k(c) = -11*c - 19. Let d be k(n). List the prime factors of -24*(27/d)/(3/(-2)).
2, 3
Suppose 0 = -12*s + 22*s - 990. Let o = s + -91. List the prime factors of o.
2
Let v(o) be the first derivative of o**4/6 - o**3/6 - o**2/2 + 11*o + 12. Let d(j) be the first derivative of v(j). List the prime factors of d(-5).
2, 3
Suppose 5*h + 2*c + 6 = 0, 3*c - 9 = h - 1. Let r(f) = 18*f**3 + 3*f**2 + 3*f + 5. Let w be r(h). Let z = 232 + w. What are the prime factors of z?
3, 11
Let u = 13062 + -9165. List the prime factors of u.
3, 433
Let m(k) = k**3 + 2*k**2 - 9*k + 4. Let g = 16 + -22. Let u be m(g). Let r = -15 - u. List the prime factors of r.
71
Suppose 0 = 1395*o - 1411*o + 213376. List the prime factors of o.
2, 1667
Suppose -7*n + 4*v = -3*n - 384, -3*n + 287 = -2*v. List the prime factors of ((-38)/n)/((-1)/10) - -214.
2, 109
Suppose 29*u - 28*u = -2*c + 12548, u + c = 12552. List the prime factors of u.
2, 43, 73
Suppose 3*v - 2*n = 2*v + 29, -35 = -v + 4*n. Let i = 37 - v. What are the prime factors of 18/(i/12 + 0 - 1)?
2, 3
Let n(s) = 89*s**2 - 865*s + 31. What are the prime factors of n(-19)?
5, 9719
Let l(g) = -2*g**2 - 48*g + 25. Suppose 8 - 27 = j. List the prime factors of l(j).
5, 43
Let c be 6/(-16) - 681/(-24). Suppose -c*y = -25*y - 2043. What are the prime factors of y?
3, 227
Let r(h) = 491*h - 2140. List the prime factors of r(36).
2, 971
Let f(o) = -6*o - 7*o + 23 + 11*o. Let n be f(9). Suppose 3*u + 24 = -4*i + 314, -2*u + n*i + 155 = 0. What are the prime factors of u?
2, 3, 5
Suppose 3*d - 30034 = -2*g, 5*d - 139*g - 50078 = -137*g. What are the prime factors of d?
2, 3, 1669
Let v(s) = 12*s + 118. Let t be v(23). Suppose 5*k = 15, 4*y - t = -5*k + 7*k. What are the prime factors of y?
2, 5
Suppose -5*l - 337 = s, -4*l - 836 = 5*s + 870. Let t = s + 522. What are the prime factors of t?
2, 3, 5
Let t(i) = -7*i**3 - 17*i**2 + 5*i - 85. Let m(z) = -z**3 - z**2 + z - 1. Let g(j) = 6*m(j) - t(j). What are the prime factors of g(-7)?
2, 67
Suppose 0 = 5*o - 10, 4*l + 19770 = -5*o + 69352. What are the prime factors of l?
3, 17
Suppose -3*u + 231 = 3*b, 4*b = 4*u - 0*u - 276. Let x = 156 + u. What are the prime factors of x?
229
Let c = 91730 - 65159. What are the prime factors of c?
3, 17, 521
Let c(b) = b**2 - 4*b + 5. Let g be c(2). Let v be (36/2)/(((-2)/(-29))/g). Suppose 139 = 4*z - v. What are the prime factors of z?
2, 5
Let k(z) = 45*z + 12. Suppose 14 = h + 5. Let f(b) = -11*b - 3. Let d(j) = h*f(j) + 2*k(j). What are the prime factors of d(-5)?
2, 3, 7
Suppose 0 = 2*k - 17 - 139. Suppose 3894 = -72*y + k*y. What are the prime factors of y?
11, 59
Let r(v) = -36*v**2 - 2. Let n be r(2). Suppose -2*w - d - 165 = -0*d, 2*d = 5*w + 426. Let i = w - n. What are the prime factors of i?
2, 31
Let m = 18 + -16. Suppose -3*d - 5*r = -181, -2*d = -7*d + m*r + 250. List the prime factors of d.
2, 13
Let g be 564/84 - (-1)/(-7)*-2. What are the prime factors of 124 - -1 - (1 + -11 + g)?
2
Suppose -4*d = 5*i - 107913, 7*i + 4*d + 107977 = 12*i. List the prime factors of i.
21589
Let k = 2 + 29. Suppose i - 208 = k. List the prime factors of i.
239
Suppose -224*p + 245*p + 252 = 0. Let f(q) = -108*q - 132. What are the prime factors of f(p)?
2, 3, 97
Suppose -5*a = 3*l - 32, a - 3*l = 9 - 17. Suppose -a*f + 1650 = -7*k + 9*k, -4*f + 5*k = -1629. What are the prime factors of f?
3, 137
Suppose 3*k + 3 = 0, 0 = 5*r + 2*k - 6*k - 29. Suppose -4*h = -2*i - 2*h + 54, -r*i + 159 = h. What are the prime factors of (i - 12) + 1*4*1?
23
Let x be ((-32)/(-12))/(-2)*(-27)/6. What are the prime factors of (-11672)/(-12) + x + 119/(-21)?
7, 139
Suppose 45*z - 541 = -2*r + 44*z, r - 278 = -3*z. Let n(h) = -h**2 - 15*h + 6. Let f be n(-12). Let g = r - f. List the prime factors of g.
227
Let g = -20616 - -22213. List the prime factors of g.
1597
Let i(l) = -47*l + 22. Let w be i(-16). Suppose -3*q - 4*p + w = 0, p - 1025 = -4*q - 2*p. List the prime factors of q.
2, 127
Suppose 993 = 4*l + 3*x, 0 = 2*l - l + 3*x - 246. Suppose -2*q + 1 = -l. List the prime factors of q.
5
Let h = 40849 - 33121. List the prime factors of h.
2, 3, 7, 23
Suppose -5*p = -2*b - 15865 + 64014, -5*b + 120460 = 5*p. List the prime factors of b.
3, 7, 31, 37
Let h = 101997 - 35411. List the prime factors of h.
2, 13, 197
Let g(i) = 45*i - 25. Suppose -8*x - 21 = -11*x. List the prime factors of g(x).
2, 5, 29
Suppose 7*i = i + 102. Suppose -12*a = -i*a - 60. Let c(y) = -y**3 - 12*y**2 - 5*y + 1. List the prime factors of c(a).
61
Let o = 1709 + -923. Suppose -2*m + 5*m = -o. Let i = -181 - m. What are the prime factors of i?
3
Suppose 24 = -0*f + 2*f + 4*q, -3*q = -f - 13. Suppose 2*o - 4*d = 1028, 2*o - 2016 = -f*o - 2*d. Let z = o + -324. List the prime factors of z.
2, 7, 13
Let c(j) be the first derivative of -j**4/2 - 4*j**3/3 + 9*j**2/2 + 8*j + 2. Let y = -123 + 119. What are the prime factors of c(y)?
2, 3
Let i(g) = -g**3 + 122*g**2 - 434*g + 100. What are the prime factors of i(117)?
109, 163
Suppose 86*i - 85*i - 2 = 0, -5391 = -v - 4*i. What are the prime factors of v?
7, 769
Let g(q) = 1070*q**2 - 2*q - 12. Let n be g(-2). Suppose -n - 3064 = -14*o. What are the prime factors of o?
2, 131
Suppose 2 + 4 = 3*p. Suppose 5*t - 15 = -d, -d = t - p - 5. Suppose 3*f + 6*z - 335 = t*z, 4*z + 230 = 2*f. List the prime factors of f.
113
List the prime factors of 6826*((-24)/16*2)/(-3).
2, 3413
Suppose -2*w - 4*d = -436, 18 + 208 = w - 2*d. List the prime factors of (w/(-12))/(28/(-24) - -1).
3, 37
Suppose 2*i - 23 = -3. Suppose -5*k = -i - 5. Let g(l) = 47*l - 19. List the prime factors of g(k).
2, 61
Suppose -4*b - 212782 = -5*l, 29885 = l - 2*b - 12675. List the prime factors of l.
2, 21277
Suppose -t - 2*h + 52820 = -26363, 4*h = -5*t + 395945. List the prime factors of t.
79193
Let k = -696 + 502. Let u = 507 + k. List the prime factors of u.
313
Suppose 0 = 2*r + 5*b - 2414, 35*r - 5*b - 4918 = 31*r. List the prime factors of r.
2, 13, 47
Let o = 2309 - 1327. Suppose -3*u + 3126 = d, -2*u = -5*d - o - 1102. What are the prime factors of u?
2, 521
Suppose 104*t - 108*t = -49192. List the prime factors of t.
2, 11, 13, 43
Let j(b) = -b**3 + 2*b**2 + 4*b. Let f be j(3). Let q = -39 - -56. Suppose -q*s + f = -16*s. What are the prime factors of s?
3
Let k(y) = -11538*y + 2127. What are the prime factors of k(-7)?
3, 27631
Suppose q - 4*q = 288. Suppose -23*b + 3498 = -36*b - 20*b. Let x = q - b. List the prime factors of x.
2, 5
Let w = -941 + 475. What are the prime factors of -1*w/6*(-1 - -7)?
2, 233
Let o(f) = 28*f**2 - 39*f**2 - 4*f**3 - 6 - 2 + 25*f. Let h(v) = 5*v**3 + 10*v**2 - 26*v + 9. Let r(x) = -5*h(x) - 6*o(x). List the prime factors of r(13).
2, 5
Let d(f) = 182*f**2 + 2*f + 2. Let n be d(-1). Suppose -10*s - u = -14*s + 803, n = s - 4*u. List the prime factors of s.
2, 101
Let k(l) = -111*l + 1554. What are the prime factors of k(-9)?
3, 23, 37
Suppose 5*r = -4676 + 8037 + 4904. What are the prime factors of r?
3, 19, 29
Suppose -4*o = b - 3*b + 36, -b + 5*o = -24. Let v = -10 + b. Suppose -275 = -v*p - 5*i, -4*p + 4*i + 313 = p. What are the prime factors of p?
5, 13
Let n be (-23 - -13)*2/(-1). Let j = n - 20. Suppose 46 = v + 2*q, 2*v + 5*q - 3*q - 94 = j. List the prime factors of v.
2, 3
Let d(b) be the second derivative of 166*b**3/3 + 61*b. What are the prime factors of d(1)?
2, 83
Suppose 3*u = q + 41, 8*q + 18 = 2*u + 12*q. Suppose u*r - 4092 = 1823. What are the prime factors of r?
5, 7, 13
Suppose 4*p = 3*o - 221841, 3*o - 5*p = 110592 + 111243. What are the prime factors of o?
5, 7, 2113
What are the prime factors of 12/(-1) - 2596026/(-146)?
3, 5923
Suppose 3*j + 55 = -a - 21, 2*a = 4*j + 108. Let q = j - -29. Suppose -4*d + q*r = -112 - 360, 3*d = -4*r + 354. List the prime factors of d.
2, 59
Suppose -5*j + 10 = 0, 540*j - 537*j = -4*p + 17806. List the prime factors of p.
2, 5, 89
Suppose 0 = -12*f + 337 + 47. Suppose -22*